-99e
Convert 122102021 (base 3) to base 12.
7421
Convert 1211 (base 10) to base 15.
55b
333323 (base 5) to base 2
10110111000001
What is -166 (base 16) in base 5?
-2413
-1011110011110 (base 2) to base 4
-1132132
What is -1101001 (base 4) in base 14?
-1c65
Convert a3 (base 16) to base 11.
139
Convert 125263 (base 8) to base 9.
65844
2011 (base 12) to base 15
1064
1061 (base 11) to base 12
986
-10bd (base 16) to base 14
-17c1
What is -13a5 (base 11) in base 10?
-1809
What is -3305 (base 15) in base 14?
-3d1b
What is 23123 (base 7) in base 11?
4481
Convert 493 (base 10) to base 9.
607
-544c (base 16) to base 6
-243524
112302 (base 4) to base 10
1458
14221 (base 5) to base 8
2242
29b (base 13) to base 15
211
What is -2949 (base 15) in base 2?
-10001010001100
What is -555 (base 9) in base 3?
-121212
10010110111 (base 2) to base 14
623
837 (base 15) to base 16
73c
3824 (base 10) to base 5
110244
Convert -1104 (base 13) to base 10.
-2370
Convert -120022 (base 3) to base 7.
-1130
57114 (base 8) to base 2
101111001001100
What is -360 (base 7) in base 8?
-275
What is -883 (base 10) in base 13?
-52c
What is 323203 (base 4) in base 3?
12020011
Convert -30 (base 14) to base 8.
-52
What is 2642 (base 7) in base 14?
522
Convert 1a70 (base 11) to base 8.
5072
Convert 176c (base 13) to base 4.
312032
What is -434 (base 7) in base 16?
-dd
What is 23b (base 12) in base 15?
175
Convert -24202 (base 5) to base 10.
-1802
-174c (base 15) to base 3
-20220000
-11233 (base 5) to base 7
-2246
What is 36257 (base 11) in base 7?
305140
Convert 91 (base 12) to base 13.
85
What is 67 (base 14) in base 9?
111
What is 10058 (base 11) in base 15?
4554
What is -1304 (base 10) in base 13?
-794
1066 (base 15) to base 11
2676
-17007 (base 9) to base 13
-540a
What is -501 (base 15) in base 4?
-101212
Convert 6427 (base 11) to base 16.
2133
Convert 569 (base 14) to base 16.
431
Convert 101111010000 (base 2) to base 9.
4130
What is 2012020 (base 3) in base 11?
1224
-1501 (base 9) to base 11
-942
-10231 (base 7) to base 16
-9d9
-10 (base 15) to base 7
-21
31534 (base 6) to base 5
114211
What is -56aa (base 11) in base 6?
-54421
220542 (base 6) to base 8
43656
What is -a5c (base 15) in base 3?
-10012120
-11010111111100 (base 2) to base 16
-35fc
100011000001 (base 2) to base 13
1035
Convert -202001 (base 4) to base 8.
-4201
What is -112120 (base 3) in base 15?
-1b3
-823 (base 12) to base 6
-5243
What is 1605 (base 7) in base 3?
212210
-18062 (base 9) to base 4
-3002201
20320 (base 4) to base 8
1070
Convert -100033 (base 4) to base 2.
-10000001111
1100101 (base 2) to base 9
122
Convert 6755 (base 15) to base 5.
1200110
What is 627 (base 8) in base 4?
12113
What is -1103220 (base 4) in base 9?
-7306
Convert -31023 (base 4) to base 12.
-5a3
Convert 20000202 (base 3) to base 12.
2662
Convert 1084 (base 13) to base 12.
1401
Convert -737 (base 12) to base 10.
-1051
-b074 (base 14) to base 13
-10a29
Convert 2028 (base 11) to base 5.
41232
What is -2320231 (base 5) in base 4?
-22033111
What is 30333 (base 4) in base 10?
831
-322e (base 15) to base 9
-15508
Convert 16b87 (base 13) to base 10.
43713
What is 3615a (base 11) in base 16?
cb7f
Convert -25470 (base 11) to base 13.
-137c7
What is 675 (base 16) in base 15?
753
What is -8220 (base 11) in base 3?
-112222011
Convert -2572 (base 10) to base 14.
-d1a
1300443 (base 5) to base 8
61043
Convert 3454 (base 9) to base 15.
b5a
11181 (base 11) to base 9
24170
Convert -15bd (base 16) to base 13.
-26c1
Convert -462 (base 13) to base 3.
-1001000
What is -3bb (base 15) in base 11?
-704
Convert 1559 (base 11) to base 10.
2000
Convert 232130 (base 4) to base 8.
5634
Convert 1022102210 (base 3) to base 7.
135213
Convert 76 (base 15) to base 5.
421
-92 (base 12) to base 4
-1232
-11100000000000 (base 2) to base 16
-3800
Convert -12412 (base 10) to base 16.
-307c
Convert 101101111100001 (base 2) to base 7.
125401
Convert 14512 (base 6) to base 3.
10012222
What is -aa (base 14) in base 7?
-303
What is 232260 (base 7) in base 9?
63110
What is -1201110 (base 5) in base 7?
-121141
-14400 (base 6) to base 3
-10011100
-875 (base 14) to base 8
-3207
Convert -101010010010 (base 2) to base 9.
-3636
What is -78d (base 16) in base 10?
-1933
230 (base 14) to base 13
275
Convert -144 (base 16) to base 14.
-192
What is -30210222 (base 4) in base 12?
-25976
Convert -300a5 (base 11) to base 8.
-126006
What is 9b1 (base 16) in base 2?
100110110001
101010100110 (base 2) to base 8
5246
Convert -2841 (base 13) to base 10.
-5799
Convert -2b2 (base 13) to base 3.
-122220
What is 8b1 (base 15) in base 6?
13034
Convert 10825 (base 13) to base 3.
1112002001
What is 1100101100000 (base 2) in base 6?
50024
Convert -375 (base 10) to base 9.
-456
Convert 1502 (base 8) to base 15.
3a9
What is 50251 (base 6) in base 2?
1100110110111
410 (base 5) to base 7
210
-4a57 (base 12) to base 2
-10000011100011
45531 (base 6) to base 10
6463
Convert 257 (base 11) to base 7.
613
What is 66421 (base 7) in base 4?
10010203
Convert -738 (base 12) to base 6.
-4512
20528 (base 12) to base 10
42224
What is -11001001110 (base 2) in base 11?
-1238
Convert 69 (base 12) to base 3.
10000
Convert 1000000010 (base 2) to base 4.
20002
What is -11110001 (base 2) in base 9?
-287
89a9 (base 11) to base 3
121021010
Convert -11110001 (base 3) to base 2.
-110010101001
What is -35415 (base 6) in base 2?
-1010000000011
What is -2526 (base 11) in base 5?
-101140
666 (base 8) to base 9
536
25a4 (base 11) to base 15
1006
What is -263 (base 8) in base 2?
-10110011
What is -110210102 (base 3) in base 8?
-22156
17208 (base 9) to base 4
2320322
Convert -1900 (base 10) to base 2.
-11101101100
What is -578 (base 12) in base 7?
-2240
Convert -a921 (base 11) to base 16.
-3856
Convert b84a (base 13) to base 16.
63ed
What is -2ab (base 14) in base 5?
-4133
-7808 (base 9) to base 7
-22535
What is -141 (base 16) in base 6?
-1253
What is 13621 (base 7) in base 15?
1194
3130333 (base 4) to base 14
5223
Convert -3947 (base 14) to base 6.
-114323
Convert 1101100100100 (base 2) to base 10.
6948
Convert -1360 (base 16) to base 7.
-20314
Convert 3141 (base 5) to base 12.
2b1
Convert -77c (base 16) to base 9.
-2558
Convert -46530 (base 7) to base 12.
-6aa0
25a6 (base 14) to base 3
100001222
What is -155 (base 7) in base 5?
-324
-2803 (base 10) to base 13
-1378
What is 110110021 (base 3) in base 9?
13407
-2321112 (base 4) to base 6
-130530
What is 1253 (base 6) in base 16?
141
-66aa (base 11) to base 2
-10001010000000
6373 (base 10) to base 11
4874
What is 3582 (base 12) in base 3?
22020022
52a (base 11) to base 5
10022
What is -292 (base 14) in base 3?
-201021
125 (base 16) to base 15
148
What is -2104223 (base 5) in base 9?
-52830
What is -cd02 (base 14) in base 13?
-131c1
What is -1104 (base 6) in base 13?
-169
Convert 31534 (base 7) to base 3.
101201111
What is a66 (base 12) in base 10?
1518
Convert 1474 (base 8) to base 11.
693
Convert -11011100011 (base 2) to base 9.
-2368
Convert -101122 (base 4) to base 10.
-1114
What is 1100110111 (base 2) in base 16?
337
-100001 (base 3) to base 6
-1044
-13611 (base 7) to base 3
-12010020
What is 1650 (base 11) in base 8?
4100
What is 3b4 (base 12) in base 2?
1000111000
-7bc4 (base 16) to base 15
-95c4
What is -7927 (base 10) in base 11?
-5a57
Convert -627 (base 12) to base 10.
-895
Convert 581 (base 16) to base 12.
995
What is 1165 (base 10) in base 12?
811
Convert -a7 (base 16) to base 15.
-b2
-5b24 (base 13) to base 10
-12874
What is 24135 (base 7) in base 15?
1cb9
Convert 1692 (base 11) to base 15.
98d
What is -1220303 (base 4) in base 6?
-51015
What is 428 (base 11) in base 4?
20002
17a2 (base 12) to base 13
13bb
Convert 966 (base 14) to base 7.
5256
-7 (base 15) to base 3
-21
-234 (base 6) to base 12
-7a
What is -28b4 (base 12) in base 3?
-20111201
110100011100000 (base 2) to base 14
9ada
94 (base 12) to base 10
112
-22802 (base 10) to base 8
-54422
5717 (base 9) to base 3
12210121
What is -13331 (base 9) in base 12?
-5277
Convert 845 (base 9) to base 16.
2b1
Convert 26031 (base 8) to base 10.
11289
Convert 246 (base 13) to base 6.
1500
Convert -1010011111 (base 2) to base 15.
-2eb
What is -1cb (base 14) in base 11?
-311
What is -11020020 (base 3) in base 10?
-3084
8a2d (base 16) to base 10
3